ded by 3273.
1106
What is the remainder when 15782521 is divided by 2254644?
13
What is the remainder when 24561976 is divided by 72?
40
Calculate the remainder when 675841 is divided by 395.
391
What is the remainder when 6329190 is divided by 37?
7
Calculate the remainder when 104389 is divided by 26005.
369
What is the remainder when 622361 is divided by 155430?
641
Calculate the remainder when 159582522 is divided by 3792.
3786
Calculate the remainder when 16892504 is divided by 91.
83
Calculate the remainder when 40279046 is divided by 450.
446
Calculate the remainder when 18790116 is divided by 7.
2
What is the remainder when 57962379 is divided by 303?
297
What is the remainder when 2562350 is divided by 8?
6
Calculate the remainder when 982190 is divided by 89289.
11
Calculate the remainder when 108650720 is divided by 91.
87
Calculate the remainder when 173409 is divided by 15760.
49
Calculate the remainder when 85893 is divided by 1619.
86
Calculate the remainder when 385619 is divided by 21423.
5
Calculate the remainder when 4870060 is divided by 2500.
60
What is the remainder when 3058126 is divided by 1336?
22
What is the remainder when 84558 is divided by 389?
145
What is the remainder when 162065454 is divided by 19?
14
What is the remainder when 270508 is divided by 6979?
5306
What is the remainder when 86465 is divided by 40?
25
Calculate the remainder when 159206921 is divided by 39801729.
5
Calculate the remainder when 170836 is divided by 168744.
2092
What is the remainder when 31945 is divided by 15738?
469
Calculate the remainder when 48887 is divided by 16055.
722
What is the remainder when 1052092 is divided by 349818?
2638
What is the remainder when 1856584 is divided by 928292?
0
Calculate the remainder when 4093213 is divided by 240769.
140
Calculate the remainder when 44428 is divided by 837.
67
What is the remainder when 1718560 is divided by 859279?
2
Calculate the remainder when 2064410 is divided by 258029.
178
What is the remainder when 81847 is divided by 752?
631
What is the remainder when 3009137 is divided by 136?
1
What is the remainder when 3072379 is divided by 119?
37
Calculate the remainder when 50119737 is divided by 34.
31
What is the remainder when 9339061 is divided by 158?
155
Calculate the remainder when 2403215 is divided by 257.
8
What is the remainder when 216799 is divided by 20?
19
Calculate the remainder when 425201 is divided by 4289.
590
Calculate the remainder when 1386862 is divided by 693365.
132
What is the remainder when 488175 is divided by 12?
3
What is the remainder when 2424486 is divided by 22?
20
Calculate the remainder when 831877 is divided by 14.
11
What is the remainder when 1871204 is divided by 911?
10
What is the remainder when 1264918 is divided by 105?
88
Calculate the remainder when 426638 is divided by 47279.
1127
What is the remainder when 347102 is divided by 342?
314
Calculate the remainder when 19005101 is divided by 2111677.
8
Calculate the remainder when 420025 is divided by 210000.
25
Calculate the remainder when 7086 is divided by 3284.
518
Calculate the remainder when 105809 is divided by 105223.
586
What is the remainder when 159744966 is divided by 329?
3
What is the remainder when 128146 is divided by 12811?
36
What is the remainder when 47110670 is divided by 72?
62
Calculate the remainder when 31773408 is divided by 508.
40
Calculate the remainder when 1580076952 is divided by 4549.
4547
What is the remainder when 51672 is divided by 51662?
10
Calculate the remainder when 8742150 is divided by 5943.
5940
Calculate the remainder when 146980887 is divided by 882.
879
Calculate the remainder when 7644 is divided by 2496.
156
Calculate the remainder when 167898 is divided by 2209.
14
What is the remainder when 42773675 is divided by 1700?
1675
What is the remainder when 176160283 is divided by 668?
667
What is the remainder when 28095895 is divided by 14047912?
71
Calculate the remainder when 9298319 is divided by 901.
900
Calculate the remainder when 2391262 is divided by 32.
30
What is the remainder when 910090 is divided by 1865?
1835
Calculate the remainder when 1325310 is divided by 202.
190
What is the remainder when 1507182 is divided by 2294?
24
What is the remainder when 44853033 is divided by 696?
9
Calculate the remainder when 122191 is divided by 2396.
2391
What is the remainder when 316946 is divided by 2907?
83
What is the remainder when 3141261 is divided by 2111?
93
What is the remainder when 5097127 is divided by 5097125?
2
What is the remainder when 3911286 is divided by 1943?
27
What is the remainder when 22019 is divided by 2796?
2447
Calculate the remainder when 897486 is divided by 16.
14
Calculate the remainder when 1329302 is divided by 1749.
62
What is the remainder when 129504566 is divided by 4757?
4755
Calculate the remainder when 21670543 is divided by 4401.
19
Calculate the remainder when 167881 is divided by 55891.
208
What is the remainder when 383963 is divided by 2067?
1568
What is the remainder when 148289 is divided by 1615?
1324
What is the remainder when 338912 is divided by 17775?
1187
Calculate the remainder when 10983029 is divided by 4192.
4181
What is the remainder when 1083326 is divided by 1083286?
40
What is the remainder when 37612906 is divided by 205535?
1
What is the remainder when 7792404 is divided by 70?
4
Calculate the remainder when 9744930 is divided by 99438.
6
What is the remainder when 391867007 is divided by 368?
367
What is the remainder when 373705127 is divided by 74741023?
12
Calculate the remainder when 468071 is divided by 1903.
1836
What is the remainder when 233725 is divided by 1531?
1013
Calculate the remainder when 23259533 is divided by 8.
5
Calculate the remainder when 253564783 is divided by 103.
1
Calculate the remainder when 6228505 is divided by 20899.
603
What is the remainder when 9598381 is divided by 521?
519
Calculate the remainder when 503603 is divided by 242.
1
What is the remainder when 44240 is divided by 2157?
1100
What is the remainder when 818893 is divided by 989?
1
What is the remainder when 216775 is divided by 107684?
1407
What is the remainder when 338503739 is divided by 23?
20
Calculate the remainder when 37439499 is divided by 250.
249
What is the remainder when 2221698 is divided by 167?
97
Calculate the remainder when 273786 is divided by 273308.
478
What is the remainder when 4048564 is divided by 966?
58
Calculate the remainder when 746922 is divided by 15.
12
Calculate the remainder when 185391 is divided by 2440.
2391
What is the remainder when 683889 is divided by 783?
330
What is the remainder when 215188 is divided by 21509?
98
What is the remainder when 584457 is divided by 150?
57
What is the remainder when 209873435 is divided by 44?
35
Calculate the remainder when 6780670 is divided by 6976.
6974
What is the remainder when 125811 is divided by 31411?
167
Calculate the remainder when 2313148 is divided by 940.
748
Calculate the remainder when 1873431887 is divided by 737.
734
What is the remainder when 81230 is divided by 26346?
2192
Calculate the remainder when 667286 is divided by 122.
68
Calculate the remainder when 35638 is divided by 1392.
838
Calculate the remainder when 124050 is divided by 124034.
16
Calculate the remainder when 88117 is divided by 2667.
106
What is the remainder when 664906 is divided by 221356?
838
What is the remainder when 2099983 is divided by 7726?
6237
What is the remainder when 317353 is divided by 90?
13
What is the remainder when 798249 is divided by 86?
83
Calculate the remainder when 1550637 is divided by 1420.
1417
Calculate the remainder when 16647790 is divided by 45.
40
What is the remainder when 371537 is divided by 84?
5
Calculate the remainder when 140152 is divided by 139925.
227
What is the remainder when 1728617 is divided by 80?
57
What is the remainder when 19083751 is divided by 75?
1
What is the remainder when 345711 is divided by 157?
154
Calculate the remainder when 25246 is divided by 4818.
1156
What is the remainder when 122535167 is divided by 112?
111
Calculate the remainder when 670587 is divided by 198.
159
What is the remainder when 3267439 is divided by 454?
1
What is the remainder wh